 is the greatest common divisor of 32162 and 52?
26
Calculate the greatest common divisor of 1200 and 26175.
75
What is the greatest common factor of 4961 and 2299?
121
What is the greatest common divisor of 16 and 4782192?
16
What is the greatest common divisor of 19536 and 432?
48
What is the greatest common divisor of 378 and 1246?
14
Calculate the greatest common factor of 3157484 and 176.
44
What is the greatest common divisor of 2060 and 6560?
20
Calculate the highest common divisor of 85440 and 3680.
160
What is the greatest common factor of 2351162 and 11?
11
What is the highest common divisor of 6 and 9099?
3
What is the greatest common divisor of 156 and 72852?
156
Calculate the highest common divisor of 17448 and 96.
24
What is the highest common factor of 45917 and 219?
73
Calculate the greatest common factor of 2824 and 32792.
8
What is the highest common divisor of 12814 and 3698?
86
What is the greatest common factor of 3515 and 68305?
95
Calculate the highest common factor of 481840 and 76.
76
What is the greatest common divisor of 816 and 17187?
51
What is the greatest common factor of 179829 and 954?
477
Calculate the greatest common divisor of 332 and 124.
4
What is the highest common factor of 296 and 18315?
37
Calculate the greatest common divisor of 2418 and 8736.
78
What is the highest common factor of 6864 and 50424?
264
Calculate the greatest common divisor of 22 and 8338.
22
Calculate the highest common divisor of 40738 and 2.
2
What is the greatest common divisor of 16236 and 4422?
66
What is the highest common divisor of 1344 and 11536?
112
Calculate the highest common divisor of 123 and 227.
1
What is the highest common divisor of 48 and 66954?
6
Calculate the greatest common factor of 15 and 49359.
3
Calculate the highest common divisor of 379725 and 671.
61
Calculate the highest common factor of 28 and 9779.
7
What is the greatest common factor of 2088 and 4536?
72
What is the highest common factor of 2646 and 315021?
147
Calculate the highest common factor of 336 and 94980.
12
What is the highest common divisor of 78982 and 14858?
782
What is the highest common divisor of 645 and 10290?
15
What is the greatest common factor of 72534 and 2838?
66
Calculate the highest common divisor of 2 and 51287.
1
Calculate the greatest common divisor of 9245 and 3440.
215
Calculate the highest common divisor of 104 and 77704.
8
Calculate the greatest common divisor of 12173 and 6909.
329
Calculate the highest common divisor of 500448 and 228.
12
Calculate the greatest common divisor of 269567 and 129.
43
What is the greatest common factor of 91 and 28?
7
Calculate the greatest common divisor of 103683 and 428.
107
What is the highest common divisor of 17325 and 2772?
693
Calculate the highest common divisor of 1702238 and 82.
82
Calculate the highest common divisor of 146 and 6659498.
146
Calculate the greatest common factor of 67007 and 851.
37
What is the highest common factor of 994 and 11218?
142
What is the highest common divisor of 1842053 and 933?
311
What is the highest common divisor of 1429290 and 180?
90
Calculate the highest common divisor of 16905 and 1071.
21
Calculate the highest common divisor of 221 and 1651.
13
What is the greatest common factor of 125 and 369275?
25
Calculate the highest common divisor of 5528 and 2256806.
1382
What is the highest common divisor of 36540 and 2100?
420
Calculate the greatest common factor of 3713 and 4183.
47
Calculate the highest common factor of 978386 and 798.
38
Calculate the greatest common divisor of 90190 and 2465.
145
Calculate the highest common factor of 1569240 and 360.
360
What is the highest common divisor of 275 and 17567?
11
What is the highest common divisor of 196592 and 1232?
176
What is the highest common divisor of 276400 and 6800?
400
What is the highest common factor of 2028 and 8736?
156
Calculate the greatest common factor of 246610 and 25.
5
What is the greatest common factor of 26415 and 27?
9
Calculate the greatest common factor of 104 and 40412.
4
What is the highest common divisor of 2607 and 1254?
33
Calculate the highest common divisor of 672353 and 33.
11
What is the highest common divisor of 9233 and 2513?
7
What is the highest common factor of 16945205 and 2083?
2083
Calculate the highest common divisor of 15 and 446250.
15
What is the highest common factor of 30 and 141600?
30
What is the greatest common factor of 4468302 and 1506?
1506
Calculate the highest common factor of 323295 and 735.
105
What is the highest common divisor of 425 and 254745?
85
Calculate the highest common divisor of 10063 and 87.
29
Calculate the greatest common factor of 380 and 199196.
76
What is the highest common factor of 109 and 4687?
109
What is the greatest common divisor of 48484 and 13578?
62
What is the highest common divisor of 326 and 885090?
326
Calculate the highest common divisor of 87120 and 1080.
360
What is the highest common divisor of 2236 and 884?
52
What is the greatest common factor of 29982 and 40128?
114
What is the greatest common factor of 47411 and 91?
91
What is the highest common factor of 585 and 89310?
195
Calculate the greatest common divisor of 5544 and 2912.
56
Calculate the highest common factor of 33 and 1826.
11
What is the greatest common factor of 129 and 170151?
129
Calculate the highest common factor of 2727 and 33.
3
What is the greatest common divisor of 657 and 1233627?
219
What is the highest common divisor of 8960 and 476?
28
What is the highest common factor of 19621 and 21?
7
What is the highest common factor of 945 and 31715?
5
Calculate the highest common divisor of 92 and 79557.
23
What is the greatest common divisor of 5629 and 1102851?
433
Calculate the highest common divisor of 114 and 2924898.
114
What is the highest common factor of 206958 and 102?
102
Calculate the highest common factor of 383244 and 84.
12
Calculate the highest common factor of 25977 and 21.
21
Calculate the highest common divisor of 69468 and 3.
3
What is the highest common factor of 42 and 46333?
7
Calculate the greatest common divisor of 1464893 and 23.
23
What is the greatest common divisor of 2337393 and 3?
3
What is the highest common divisor of 198 and 8162946?
198
Calculate the greatest common divisor of 10 and 349190.
10
Calculate the highest common divisor of 175932 and 162.
162
Calculate the greatest common divisor of 72 and 201792.
24
What is the highest common factor of 161 and 7721?
7
Calculate the greatest common divisor of 13 and 27677.
13
Calculate the greatest common factor of 642750 and 10.
10
Calculate the highest common divisor of 11936 and 1536.
32
What is the greatest common divisor of 225 and 1081800?
225
Calculate the highest common divisor of 5842 and 1058.
46
What is the highest common divisor of 933870 and 280?
70
Calculate the highest common factor of 4035 and 1920.
15
What is the highest common factor of 22444 and 1488?
124
Calculate the greatest common factor of 24 and 260584.
8
Calculate the highest common divisor of 64 and 42512.
16
What is the greatest common factor of 49936 and 144?
16
Calculate the greatest common factor of 12 and 1539276.
12
Calculate the greatest common divisor of 3975 and 4800.
75
What is the highest common divisor of 122228 and 4?
4
What is the greatest common factor of 781 and 245731?
71
What is the greatest common factor of 67667 and 6896?
431
Calculate the greatest common divisor of 145329 and 2259.
753
Calculate the greatest common divisor of 8772 and 7276.
68
Calculate the highest common divisor of 159243 and 42.
21
What is the highest common divisor of 1500 and 1766250?
750
What is the greatest common factor of 3809 and 221?
13
Calculate the greatest common divisor of 375 and 12090.
15
Calculate the greatest common factor of 8 and 595120.
8
What is the highest common divisor of 146 and 12629?
73
What is the greatest common divisor of 52217 and 188?
47
What is the greatest common divisor of 17617 and 1561?
223
Calculate the greatest common divisor of 15162 and 11096.
38
What is the highest common factor of 42 and 22953?
21
What is the highest common divisor of 54 and 9594?
18
What is the greatest common factor of 3078 and 646?
38
Calculate the highest common factor of 1456 an